 a multiple of 3?
True
Is 68 a factor of 830?
False
Is 471 a multiple of 3?
True
Is 42 a factor of 23400?
False
Is 2784 a multiple of 32?
True
Is 119 a factor of 7224?
False
Does 15 divide 32910?
True
Does 31 divide 31690?
False
Is 131805 a multiple of 303?
True
Is 4816 a multiple of 112?
True
Does 49 divide 29089?
False
Is 1760 a multiple of 55?
True
Is 15 a factor of 146055?
True
Is 1108 a multiple of 4?
True
Does 27 divide 529?
False
Is 3 a factor of 4569?
True
Does 8 divide 144?
True
Is 4 a factor of 8012?
True
Is 2 a factor of 403?
False
Does 20 divide 515?
False
Is 60306 a multiple of 69?
True
Does 49 divide 26812?
False
Does 7 divide 259?
True
Is 45 a factor of 1980?
True
Is 8073 a multiple of 69?
True
Is 1237 a multiple of 3?
False
Is 26 a factor of 117624?
True
Does 14 divide 420?
True
Is 121 a multiple of 11?
True
Is 413 a multiple of 59?
True
Is 3 a factor of 1293?
True
Is 718 a multiple of 9?
False
Does 3 divide 2026?
False
Is 83 a factor of 3886?
False
Is 26 a factor of 14430?
True
Is 3652 a multiple of 31?
False
Does 3 divide 420?
True
Is 9 a factor of 7200?
True
Does 23 divide 8290?
False
Is 16591 a multiple of 10?
False
Is 4150 a multiple of 25?
True
Does 41 divide 2460?
True
Is 10 a factor of 6143?
False
Does 21 divide 560?
False
Is 30450 a multiple of 6?
True
Does 350 divide 20300?
True
Does 25 divide 15138?
False
Is 48891 a multiple of 5?
False
Is 84 a factor of 672?
True
Does 21 divide 4378?
False
Is 5156 a multiple of 13?
False
Is 5194 a multiple of 7?
True
Does 116 divide 57571?
False
Is 9 a factor of 1992?
False
Is 2393 a multiple of 151?
False
Does 34 divide 8568?
True
Is 1275 a multiple of 85?
True
Does 24 divide 447?
False
Does 12 divide 1584?
True
Is 185 a multiple of 8?
False
Is 113 a factor of 2486?
True
Is 6 a factor of 670?
False
Is 27 a factor of 2049?
False
Is 67 a factor of 335?
True
Does 111 divide 2194?
False
Is 2904 a multiple of 121?
True
Does 17 divide 81?
False
Is 48 a factor of 1008?
True
Does 22 divide 6490?
True
Is 19 a factor of 2599?
False
Is 46324 a multiple of 37?
True
Is 236 a factor of 15131?
False
Does 28 divide 346?
False
Does 41 divide 8219?
False
Is 48 a factor of 25530?
False
Is 102 a factor of 4493?
False
Is 19 a factor of 1237?
False
Does 9 divide 14175?
True
Does 109 divide 74229?
True
Is 3332 a multiple of 49?
True
Does 6 divide 187?
False
Is 21 a factor of 595?
False
Is 9806 a multiple of 34?
False
Does 84 divide 7476?
True
Is 1719 a multiple of 7?
False
Is 16 a factor of 11392?
True
Is 32 a factor of 23104?
True
Is 969 a multiple of 3?
True
Is 132 a multiple of 13?
False
Does 42 divide 894?
False
Is 11 a factor of 136?
False
Does 123 divide 38253?
True
Does 22 divide 37921?
False
Is 3 a factor of 18598?
False
Is 8 a factor of 112?
True
Does 11 divide 374?
True
Is 136 a factor of 4080?
True
Is 15 a factor of 28920?
True
Is 262 a multiple of 10?
False
Does 23 divide 58213?
True
Is 14 a factor of 3482?
False
Is 1126 a multiple of 8?
False
Is 122 a factor of 8784?
True
Is 486 a multiple of 31?
False
Is 5216 a multiple of 41?
False
Does 11 divide 869?
True
Does 265 divide 25113?
False
Does 104 divide 3044?
False
Is 3 a factor of 3291?
True
Does 2 divide 29?
False
Is 11616 a multiple of 32?
True
Is 5 a factor of 721?
False
Does 17 divide 2346?
True
Is 150 a factor of 5303?
False
Is 7 a factor of 14742?
True
Is 2912 a multiple of 26?
True
Is 3852 a multiple of 3?
True
Is 426 a multiple of 34?
False
Does 60 divide 2604?
False
Is 12252 a multiple of 12?
True
Is 18 a factor of 865?
False
Is 711 a multiple of 79?
True
Is 10 a factor of 7070?
True
Does 72 divide 2808?
True
Is 505 a multiple of 19?
False
Does 2 divide 390?
True
Is 19 a factor of 285?
True
Is 1316 a multiple of 40?
False
Is 85 a factor of 680?
True
Is 3923 a multiple of 24?
False
Does 7 divide 10891?
False
Does 24 divide 5712?
True
Is 24 a factor of 22198?
False
Does 27 divide 7112?
False
Is 32 a factor of 1416?
False
Is 2311 a multiple of 40?
False
Is 603 a multiple of 9?
True
Is 1521 a multiple of 8?
False
Is 280 a multiple of 55?
False
Is 504 a multiple of 7?
True
Does 21 divide 252?
True
Is 48202 a multiple of 15?
False
Is 52380 a multiple of 23?
False
Does 8 divide 15654?
False
Is 7 a factor of 280?
True
Is 15 a factor of 232?
False
Is 4 a factor of 1965?
False
Does 3 divide 934?
False
Is 307 a factor of 158105?
True
Does 12 divide 4716?
True
Is 13 a factor of 664?
False
Does 30 divide 960?
True
Is 31962 a multiple of 14?
True
Is 26505 a multiple of 9?
True
Does 13 divide 5231?
False
Is 17 a factor of 680?
True
Is 35186 a multiple of 138?
False
Is 387 a multiple of 12?
False
Is 21 a factor of 420?
True
Does 19 divide 32376?
True
Is 44 a factor of 2244?
True
Does 23 divide 966?
True
Is 95979 a multiple of 39?
True
Is 22 a factor of 120144?
False
Is 723 a multiple of 2?
False
Does 12 divide 2148?
True
Is 2 a factor of 2995?
False
Is 45 a factor of 2115?
True
Is 3585 a multiple of 2?
False
Is 11015 a multiple of 133?
False
Is 17 a factor of 10914?
True
Is 35 a factor of 15925?
True
Does 270 divide 16557?
False
Does 15 divide 26917?
False
Is 4386 a multiple of 102?
True
Is 20304 a multiple of 72?
True
Does 17 divide 1377?
True
Is 4329 even?
False
Is 18694 a multiple of 4?
False
Is 9860 a multiple of 10?
True
Is 17 a factor of 18890?
False
Does 16 divide 698?
False
Is 20 a factor of 700?
True
Is 34974 a multiple of 18?
True
Is 376 a multiple of 13?
False
Does 71 divide 5325?
True
Is 8 a factor of 904?
True
Does 70 divide 15276?
False
Is 35 a factor of 14420?
True
Is 34 a factor of 2346?
True
Is 69 a factor of 2507?
False
Does 10 divide 14139?
False
Does 14 divide 2205?
False
Is 10137 a multiple of 16?
False
Does 11 divide 275?
True
Is 4844 a multiple of 191?
False
Is 162 a multiple of 4?
False
Is 843 a multiple of 20?
False
Is 710 a multiple of 71?
True
Is 51 a factor of 1325?
False
Is 864 a multiple of 24?
True
Is 17 a factor of 1194?
False
Is 159 a factor of 25246?
False
Is 23 a factor of 690?
True
Is 11 a factor of 14707?
True
Is 2020 a multiple of 10?
True
Is 208 a factor of 24336?
True
Does 16 divide 11056?
True
Does 7 divide 77?
True
Does 24 divide 4276?
False
Does 83 divide 667?
False
Is 379 a multiple of 33?
False
Is 177 a factor of 1770?
True
Is 3 a factor of 531?
True
Is 4 a factor of 315?
False
Is 22 a factor of 256?
False
Is 5 a factor of 786?
False
Is 26315 a multiple of 78?
False
Does 10 divide 2027?
False
Is 8 a factor of 338?
False
Is 69 a factor of 7209?
False
Is 14 a factor of 6981?
False
Is 850 a multiple of 10?
True
Is 4 a factor of 939?
False
Is 11 a factor of 1265?
True
Does 96 divide 16964?
False
Is 1703 a multiple of 9?
False
Is 4235 a multiple of 55?
True
Does 10 divide 1940?
True
Is 19600 a multiple of 17?
False
Is 8 a factor of 904?
True
Does 61 divide 1464?
True
Is 41 a factor of 3378?
False
Is 12 a factor of 1159?
False
Is 32553 a multiple of 170?
False
Does 29 divide 8724?
False
Is 5115 a multiple of 15?
True
Is 25 a factor of 4225?
True
Does 241 divide 5061?
True
Is 14 a factor of 12321?
False
Does 35 divide 3633?
False
Is 96 a multiple of 12?
True
Is 11721 a multiple of 14?
False
Does 12 divide 2144?
False
Is 33 a factor of 274?
False
Is 14 a factor of 29757?
False
Does 12 divide 837?
False
Does 15 divide 2410?
False
Does 123 divide 25953?
True
Is 8937 a multiple of 15?
False
Does 16 divide 5232?
True
Is 79 a multiple of 2?
False
Does 3 divide 495?
True
Is 3699 a multiple of 21?
False
Does 42 divide 1431?
False
Is 864 a multiple of 5?
False
Does 10 divide 742?
False
Is 591 even?
False
Is 3137 a multiple of 21?
False
Is 26 a factor of 642?
False
Is 29694 a multiple of 98?
True
Is 98936 a multiple of 381?
False
Does 96 divide 288?
True
Does 103 divide 11002?
False
Is 100 a multiple of 6?
False
Does 13 divide 104?
True
Is 776 a multiple of 21?
False
Is 55258 a multiple of 14?
True
Is 11523 a multiple of 9?
False
Is 15 a factor of 189?
False
Is 25 a factor of 8725?
True
Is 729 a multiple of 27?
True
Is 3696 a multiple of 84?
True
Is 56480 a multiple of 20?
True
Is 14 a factor of 140?
True
Is 78016 a multiple of 16?
True
Is 86 a factor of 3870?
True
Is 327 a factor of 61325?
False
Is 129 a factor of 4386?
True
Is 4 a factor of 1053?
False
Is 20087 a multiple of 82?
False
Does 56 divide 1064?
True
Is 